{"id":294,"date":"2022-07-15T22:29:53","date_gmt":"2022-07-16T01:29:53","guid":{"rendered":"https:\/\/www.grupoleaodomar.org.br\/?page_id=294"},"modified":"2022-09-16T19:53:37","modified_gmt":"2022-09-16T22:53:37","slug":"o-acidente","status":"publish","type":"page","link":"https:\/\/www.grupoleaodomar.org.br\/index.php\/o-acidente\/","title":{"rendered":"O Acidente"},"content":{"rendered":"<h2><a href=\"https:\/\/drive.google.com\/drive\/folders\/1H532KgE5hpFuYg344k3Zw-V4Zr5vuFcg?usp=sharing\" target=\"_blank\" rel=\"noopener\">O acidente&#8230; | D\u00e9cada de 1950 | Itaja\u00ed &#8211; SC<\/a><\/h2>\n<p>Grupo Escoteiro Vasconcelos Drumond | Grupo Escoteiro Julio C\u00e9sar Medeiros | D\u00e9cada de 1950 | Itaja\u00ed &#8211; SC<\/p>\n<p>Nas pesquisas da hist\u00f3ria do escotismo da nossa cidade e regi\u00e3o, com as informa\u00e7\u00f5es trazidas pelo Sr. Amilcar Gazaniga, nos deparamos com a exist\u00eancia de um Grupo Escoteiro de nome Vasconcelos Drumond na d\u00e9cada de 1950 em Itaja\u00ed, na <a href=\"https:\/\/itajai.sc.gov.br\/e\/fundacao-genesio-miranda-lins\">Funda\u00e7\u00e3o Gen\u00e9sio Miranda Lins | Munic\u00edpio de Itaja\u00ed &#8211; Centro de Documenta\u00e7\u00e3o e Mem\u00f3ria Hist\u00f3rica<\/a>, encontrei uma publica\u00e7\u00e3o da \u00e9poca, com essa forte e triste not\u00edcia da morte do escoteiro Julio C\u00e9sar Medeiros, um jovem de 14 anos,\u00a0 na lagoa do cassino na praia brava em Itaja\u00ed em dezembro de 1959.<\/p>\n<p>Ap\u00f3s o acidente, o grupo escoteiro at\u00e9 ent\u00e3o Vasconcelos Drumond, teve o seu nome alterado para Julio C\u00e9sar Medeiros, mas devido a trag\u00e9dia, ele n\u00e3o conseguiu permanecer funcionando, encerrando as suas atividades pouco tempo depois.<\/p>\n<p>No ano passado estive no cemit\u00e9rio da fazenda em Itaja\u00ed, e solicitei ajuda da administra\u00e7\u00e3o do local, e acabei conseguindo encontrar o t\u00famulo do escoteiro Julio C\u00e9sar Medeiros. Na sua l\u00e1pide uma frase:<\/p>\n<p>&#8220;Viver\u00e1s eternamente no cora\u00e7\u00e3o dos escoteiros.&#8221;<\/p>\n<p><strong>\u00a0Que assim seja!!<\/strong><\/p>\n<p>&nbsp;<\/p>\n<p>Jos\u00e9 Manoel Pereira Neto<\/p>\n","protected":false},"excerpt":{"rendered":"<p>O acidente&#8230; | D\u00e9cada de 1950 | Itaja\u00ed &#8211; SC Grupo Escoteiro Vasconcelos Drumond | Grupo Escoteiro Julio C\u00e9sar Medeiros | D\u00e9cada de 1950 | Itaja\u00ed &#8211; SC Nas pesquisas da hist\u00f3ria do escotismo da nossa cidade e regi\u00e3o, com as informa\u00e7\u00f5es trazidas pelo Sr. Amilcar Gazaniga, nos deparamos com a exist\u00eancia de um Grupo&hellip; <a class=\"more-link\" href=\"https:\/\/www.grupoleaodomar.org.br\/index.php\/o-acidente\/\">Continuar lendo <span class=\"screen-reader-text\">O Acidente<\/span><\/a><\/p>\n","protected":false},"author":1,"featured_media":0,"parent":0,"menu_order":0,"comment_status":"closed","ping_status":"closed","template":"","meta":{"footnotes":""},"class_list":["post-294","page","type-page","status-publish","hentry","entry"],"_links":{"self":[{"href":"https:\/\/www.grupoleaodomar.org.br\/index.php\/wp-json\/wp\/v2\/pages\/294","targetHints":{"allow":["GET"]}}],"collection":[{"href":"https:\/\/www.grupoleaodomar.org.br\/index.php\/wp-json\/wp\/v2\/pages"}],"about":[{"href":"https:\/\/www.grupoleaodomar.org.br\/index.php\/wp-json\/wp\/v2\/types\/page"}],"author":[{"embeddable":true,"href":"https:\/\/www.grupoleaodomar.org.br\/index.php\/wp-json\/wp\/v2\/users\/1"}],"replies":[{"embeddable":true,"href":"https:\/\/www.grupoleaodomar.org.br\/index.php\/wp-json\/wp\/v2\/comments?post=294"}],"version-history":[{"count":5,"href":"https:\/\/www.grupoleaodomar.org.br\/index.php\/wp-json\/wp\/v2\/pages\/294\/revisions"}],"predecessor-version":[{"id":483,"href":"https:\/\/www.grupoleaodomar.org.br\/index.php\/wp-json\/wp\/v2\/pages\/294\/revisions\/483"}],"wp:attachment":[{"href":"https:\/\/www.grupoleaodomar.org.br\/index.php\/wp-json\/wp\/v2\/media?parent=294"}],"curies":[{"name":"wp","href":"https:\/\/api.w.org\/{rel}","templated":true}]}}

<h2><a href="https://drive.google.com/drive/folders/1H532KgE5hpFuYg344k3Zw-V4Zr5vuFcg?usp=sharing" target="_blank" rel="noopener">O acidente&#8230; | Década de 1950 | Itajaí &#8211; SC</a></h2>
<p>Grupo Escoteiro Vasconcelos Drumond | Grupo Escoteiro Julio César Medeiros | Década de 1950 | Itajaí &#8211; SC</p>
<p>Nas pesquisas da história do escotismo da nossa cidade e região, com as informações trazidas pelo Sr. Amilcar Gazaniga, nos deparamos com a existência de um Grupo Escoteiro de nome Vasconcelos Drumond na década de 1950 em Itajaí, na <a href="https://itajai.sc.gov.br/e/fundacao-genesio-miranda-lins">Fundação Genésio Miranda Lins | Município de Itajaí &#8211; Centro de Documentação e Memória Histórica</a>, encontrei uma publicação da época, com essa forte e triste notícia da morte do escoteiro Julio César Medeiros, um jovem de 14 anos,  na lagoa do cassino na praia brava em Itajaí em dezembro de 1959.</p>
<p>Após o acidente, o grupo escoteiro até então Vasconcelos Drumond, teve o seu nome alterado para Julio César Medeiros, mas devido a tragédia, ele não conseguiu permanecer funcionando, encerrando as suas atividades pouco tempo depois.</p>
<p>No ano passado estive no cemitério da fazenda em Itajaí, e solicitei ajuda da administração do local, e acabei conseguindo encontrar o túmulo do escoteiro Julio César Medeiros. Na sua lápide uma frase:</p>
<p>&#8220;Viverás eternamente no coração dos escoteiros.&#8221;</p>
<p><strong> Que assim seja!!</strong></p>
<p>&nbsp;</p>
<p>José Manoel Pereira Neto</p>

<p>O acidente&#8230; | Década de 1950 | Itajaí &#8211; SC Grupo Escoteiro Vasconcelos Drumond | Grupo Escoteiro Julio César Medeiros | Década de 1950 | Itajaí &#8211; SC Nas pesquisas da história do escotismo da nossa cidade e região, com as informações trazidas pelo Sr. Amilcar Gazaniga, nos deparamos com a existência de um Grupo&hellip; <a class="more-link" href="https://www.grupoleaodomar.org.br/index.php/o-acidente/">Continuar lendo <span class="screen-reader-text">O Acidente</span></a></p>
