{"id":289,"date":"2022-07-15T22:20:37","date_gmt":"2022-07-16T01:20:37","guid":{"rendered":"https:\/\/www.grupoleaodomar.org.br\/?page_id=289"},"modified":"2022-07-15T22:26:54","modified_gmt":"2022-07-16T01:26:54","slug":"dia-do-escoteiro","status":"publish","type":"page","link":"https:\/\/www.grupoleaodomar.org.br\/index.php\/dia-do-escoteiro\/","title":{"rendered":"Dia do Escoteiro"},"content":{"rendered":"<h3>Dia do Escoteiro &#8211; Stephanye Luchtenberg<\/h3>\n<p>&nbsp;<\/p>\n<p>Parte dos seus amigos come\u00e7am a duvidar da sua exist\u00eancia no final de semana. indiferente do qu\u00e3o atrativa seja a tal festa da faculdade, todos os seus s\u00e1bados voc\u00ea j\u00e1 tem compromisso marcado. \u00e9 dif\u00edcil um s\u00e1bado que voc\u00ea n\u00e3o esteja acampando. a espera pelo final de semana \u00e9 prazerosa. seus pensamentos ocupam tanto a sua mente que voc\u00ea s\u00f3 consegue pensar em arrumar sua mochila minutos antes de abandonar o aconchego de sua casa. E \u00e9 incr\u00edvel a habilidade que voc\u00ea cria em fazer isso t\u00e3o bem e r\u00e1pido. mochila nas costas, len\u00e7o no pesco\u00e7o e p\u00e9 na estrada. Seu caminhar \u00e9 firme e sua mente \u00e9 curiosa. Cada passo beira o desconhecido e voc\u00ea n\u00e3o se cansa da jornada. Quanto mais voc\u00ea se aproxima da natureza, mais percebe o quanto ela j\u00e1 faz parte de voc\u00ea. A partir da chegada, cada momento traz uma imensa simplicidade que o torna \u00fanico. A aprendizado acontece, na maior parte das vezes, por experi\u00eancias simples j\u00e1 vivenciadas, como aquele t\u00eanis que ficou para o lado de fora da barraca, o contrabando mal escondido, os bichos que entraram por n\u00e3o fechar o z\u00edper da barraca, o sinal de pista que sumiu do caminho, a b\u00fassola que norteou para o sul, a roupa pendurada na chuva, o bambu cortado antes do n\u00f3 e o repelente que ficou na prateleira do banheiro de casa. e para solucionar todas essas adversidades, basta um sorriso. Um dia de acampamento \u00e9 suficiente para alimentar Monstr\u00f3polis, apenas com risadas. o riso \u00e9 natural. \u00e9 espont\u00e2neo. Tudo vira motivo de gra\u00e7a. E o melhor disso, \u00e9 a alegria compartilhada com quem est\u00e1 ali do seu lado. ah, s\u00e3o pessoas fant\u00e1sticas. Totalmente dispostas a fazer o bem, seja para voc\u00ea ou seja para o mundo. e \u00e9 junto delas que voc\u00ea n\u00e3o apenas cresce, mas evolui. Voc\u00ea torna-se fortemente delicado e delicadamente forte. preparado para enfrentar qualquer situa\u00e7\u00e3o. Com elas, voc\u00ea aprende a dar abra\u00e7os apertados e a dividir tudo que um dia voc\u00ea pensou ser indivis\u00edvel. Voc\u00eas tornam-se companheiros e c\u00famplices. Juntos, deitam-se na grama e ficam l\u00e1 por horas. as conversas criam asas e as nuvens criam formas. Tudo que h\u00e1 de divertido, est\u00e1 ali. Os aplausos ao por do sol eternizam o dia e a lua j\u00e1 est\u00e1 preparada para o seu espet\u00e1culo. Ah, um c\u00e9u de acampamento \u00e9 inexplic\u00e1vel. \u00c9 mais f\u00e1cil calcular o espa\u00e7o do c\u00e9u que n\u00e3o tem estrelas a contar cada uma delas. E quando o frio come\u00e7a a aproximar as pessoas, nada como uma boa fogueira para aquecer a noite. Uma roda, um viol\u00e3o e infinitas can\u00e7\u00f5es. e o cantar do galo come\u00e7a a trazer um aperto. A volta para a realidade j\u00e1 est\u00e1 pr\u00f3xima. mas uma coisa \u00e9 certa. Sua mochila est\u00e1 mais pesada agora. Al\u00e9m das roupas que est\u00e3o extremamente sujas e parte delas rasgada, voc\u00ea est\u00e1 carregado de grandes experi\u00eancias. E a sensa\u00e7\u00e3o de dever cumprido e de deixar o mundo um pouco melhor do que encontrou faz voc\u00ea acordar extremamente feliz em uma segunda-feira, com o riso escapando inconscientemente pelos cantos da boca e a ansiedade pelo pr\u00f3ximo final de semana. E as lembran\u00e7as? Ah, as lembran\u00e7as mal chegaram e j\u00e1 abriram a geladeira, tiraram os sapatos e sentaram-se no sof\u00e1, como se estivessem em casa. E est\u00e3o.\u202f\u202fFeliz dia mundial do escotismo. uma vez escoteiro, sempre escoteiro.&#8221;<\/p>\n<p>Stephanye Luchtenberg.<\/p>\n<p>texto de 24\/04\/2013<\/p>\n","protected":false},"excerpt":{"rendered":"<p>Dia do Escoteiro &#8211; Stephanye Luchtenberg &nbsp; Parte dos seus amigos come\u00e7am a duvidar da sua exist\u00eancia no final de semana. indiferente do qu\u00e3o atrativa seja a tal festa da faculdade, todos os seus s\u00e1bados voc\u00ea j\u00e1 tem compromisso marcado. \u00e9 dif\u00edcil um s\u00e1bado que voc\u00ea n\u00e3o esteja acampando. a espera pelo final de semana&hellip; <a class=\"more-link\" href=\"https:\/\/www.grupoleaodomar.org.br\/index.php\/dia-do-escoteiro\/\">Continuar lendo <span class=\"screen-reader-text\">Dia do Escoteiro<\/span><\/a><\/p>\n","protected":false},"author":1,"featured_media":0,"parent":0,"menu_order":0,"comment_status":"closed","ping_status":"closed","template":"","meta":{"footnotes":""},"class_list":["post-289","page","type-page","status-publish","hentry","entry"],"_links":{"self":[{"href":"https:\/\/www.grupoleaodomar.org.br\/index.php\/wp-json\/wp\/v2\/pages\/289","targetHints":{"allow":["GET"]}}],"collection":[{"href":"https:\/\/www.grupoleaodomar.org.br\/index.php\/wp-json\/wp\/v2\/pages"}],"about":[{"href":"https:\/\/www.grupoleaodomar.org.br\/index.php\/wp-json\/wp\/v2\/types\/page"}],"author":[{"embeddable":true,"href":"https:\/\/www.grupoleaodomar.org.br\/index.php\/wp-json\/wp\/v2\/users\/1"}],"replies":[{"embeddable":true,"href":"https:\/\/www.grupoleaodomar.org.br\/index.php\/wp-json\/wp\/v2\/comments?post=289"}],"version-history":[{"count":3,"href":"https:\/\/www.grupoleaodomar.org.br\/index.php\/wp-json\/wp\/v2\/pages\/289\/revisions"}],"predecessor-version":[{"id":293,"href":"https:\/\/www.grupoleaodomar.org.br\/index.php\/wp-json\/wp\/v2\/pages\/289\/revisions\/293"}],"wp:attachment":[{"href":"https:\/\/www.grupoleaodomar.org.br\/index.php\/wp-json\/wp\/v2\/media?parent=289"}],"curies":[{"name":"wp","href":"https:\/\/api.w.org\/{rel}","templated":true}]}}